2525249.
3789
What is the greatest common divisor of 25412775 and 63173?
5743
Calculate the greatest common factor of 11 and 64606421.
11
Calculate the greatest common divisor of 1632200735 and 15202.
7601
What is the greatest common factor of 68 and 39920284?
68
What is the highest common factor of 247485849 and 78?
39
What is the highest common factor of 149391 and 890406?
297
Calculate the highest common factor of 9862 and 24782.
2
Calculate the greatest common factor of 25102 and 2626582.
2282
What is the highest common factor of 765 and 527490?
45
What is the greatest common divisor of 51 and 81856224?
51
What is the greatest common factor of 693 and 27941683?
77
Calculate the greatest common divisor of 248376553 and 79.
79
What is the highest common divisor of 273581 and 642257?
1463
Calculate the greatest common factor of 1953306 and 243.
9
What is the greatest common divisor of 83 and 21385033?
83
What is the greatest common factor of 90015 and 4573?
17
What is the greatest common factor of 2940463 and 237649?
3547
Calculate the highest common factor of 1936 and 6819560.
968
What is the greatest common divisor of 99219 and 27?
3
What is the highest common factor of 472173 and 137631?
39
What is the highest common factor of 23832 and 28107?
9
Calculate the highest common divisor of 45 and 73863135.
45
Calculate the highest common factor of 147764 and 671908.
2788
What is the highest common divisor of 6156700 and 80?
20
What is the highest common factor of 4321075 and 12650?
275
What is the highest common factor of 113019 and 5269?
1
Calculate the highest common divisor of 29 and 350481095.
29
What is the highest common factor of 140353 and 24179609?
1691
Calculate the highest common divisor of 1506 and 40991312.
502
Calculate the highest common factor of 48089100 and 600.
300
Calculate the greatest common factor of 39 and 170218789.
13
What is the highest common divisor of 35235 and 3648645?
1215
Calculate the highest common divisor of 26341318 and 268.
134
What is the greatest common factor of 5046651 and 5027?
457
Calculate the highest common divisor of 5433143 and 6948.
193
What is the greatest common divisor of 22930380 and 7770?
1110
Calculate the greatest common divisor of 3603319 and 481.
37
Calculate the highest common divisor of 54283408 and 63376.
3728
What is the greatest common divisor of 8791416 and 12?
12
Calculate the greatest common divisor of 1166982 and 2.
2
What is the greatest common divisor of 44 and 125772878?
22
Calculate the highest common factor of 14421963 and 6792.
849
What is the highest common divisor of 1235 and 652840?
95
What is the highest common factor of 170 and 1893205?
85
What is the highest common divisor of 84 and 107226042?
42
Calculate the highest common divisor of 389066 and 188.
94
What is the highest common factor of 825321927 and 33417?
11139
What is the greatest common factor of 5230662 and 8?
2
What is the greatest common divisor of 175701380 and 20?
20
Calculate the greatest common factor of 9375 and 107904.
3
What is the greatest common divisor of 1436531656 and 25648?
12824
What is the greatest common divisor of 14497 and 53865?
133
Calculate the greatest common factor of 96 and 10533048.
24
Calculate the highest common divisor of 8668776 and 51.
51
What is the highest common factor of 21385 and 80?
5
What is the greatest common divisor of 1360722 and 202669?
389
Calculate the highest common factor of 1759516 and 64064.
44
What is the highest common factor of 8673670 and 36320?
2270
What is the greatest common divisor of 11454339 and 507?
39
What is the greatest common factor of 44226 and 250250?
182
Calculate the highest common divisor of 113146 and 370.
74
What is the greatest common factor of 520 and 215221240?
520
Calculate the highest common factor of 2955584 and 352.
32
What is the greatest common divisor of 242 and 132564575?
121
What is the highest common factor of 12441 and 35566245?
429
Calculate the highest common factor of 1680 and 3818080.
560
What is the greatest common divisor of 2186176113 and 9?
9
What is the greatest common factor of 50 and 7726790?
10
What is the greatest common factor of 39 and 173350177?
13
Calculate the greatest common factor of 37896276 and 308.
44
Calculate the greatest common factor of 404512 and 1408.
32
What is the greatest common factor of 72 and 1333352?
8
What is the highest common divisor of 18040610 and 32480?
2030
What is the highest common factor of 5930977 and 9588?
799
What is the highest common factor of 73901792 and 34672?
3152
What is the highest common divisor of 72 and 256476978?
18
Calculate the greatest common factor of 55396 and 248320124.
5036
Calculate the greatest common factor of 73765637 and 1757.
251
Calculate the greatest common divisor of 13736880 and 3600.
720
What is the highest common divisor of 456 and 10895056?
152
What is the greatest common divisor of 36 and 703708?
4
Calculate the highest common factor of 627 and 118801.
1
What is the highest common divisor of 33530 and 277410?
70
Calculate the greatest common factor of 653470 and 950.
10
What is the greatest common factor of 384685 and 4433163?
2653
Calculate the greatest common divisor of 1601970 and 2385870.
2010
Calculate the highest common divisor of 6064 and 20882142.
758
What is the highest common factor of 263445960 and 120?
120
What is the highest common divisor of 18378 and 38343?
3
Calculate the highest common divisor of 59810 and 84910.
10
What is the highest common factor of 11949333 and 29973?
291
What is the highest common factor of 9051182 and 532?
266
What is the highest common factor of 1191468 and 123?
3
What is the greatest common factor of 8842632 and 120?
24
What is the highest common factor of 19466 and 662?
2
What is the highest common factor of 31 and 9634211?
31
Calculate the greatest common factor of 7140 and 5992980.
420
What is the highest common divisor of 536 and 766449448?
536
Calculate the greatest common divisor of 1618736847 and 13.
13
Calculate the highest common divisor of 3074240 and 20800.
4160
Calculate the greatest common divisor of 4649841 and 7245.
1449
Calculate the greatest common divisor of 10755 and 38609255.
1195
What is the greatest common divisor of 6399469 and 72791?
877
Calculate the greatest common factor of 802708 and 114756.
292
What is the highest common divisor of 2989962 and 774?
774
What is the greatest common factor of 91720 and 263408375?
11465
Calculate the highest common divisor of 1988294798 and 28.
14
What is the greatest common factor of 25 and 62014275?
25
Calculate the greatest common factor of 4155 and 219802270.
1385
Calculate the highest common divisor of 43026 and 1516818.
606
Calculate the greatest common factor of 2712 and 5236533.
339
What is the greatest common divisor of 3245255 and 1105?
65
Calculate the greatest common factor of 72 and 85796721.
9
What is the highest common factor of 595 and 17057035?
85
What is the greatest common divisor of 891 and 11375001?
99
Calculate the greatest common factor of 22967 and 694841.
119
What is the highest common factor of 6923 and 5117?
301
What is the greatest common factor of 1629 and 2033001?
9
Calculate the greatest common divisor of 228805 and 1384555.
335
Calculate the highest common divisor of 1449462 and 8022.
42
What is the greatest common divisor of 34937 and 61413611?
1127
What is the highest common factor of 2717 and 3861598?
247
What is the greatest common divisor of 23261741 and 58?
29
What is the greatest common factor of 476 and 15407933?
17
Calculate the highest common divisor of 3663 and 1228293.
99
Calculate the greatest common factor of 732 and 3262280.
244
Calculate the highest common factor of 763435 and 56385.
895
Calculate the greatest common divisor of 618602 and 22566262.
8474
What is the greatest common divisor of 80 and 57753340?
20
What is the highest common factor of 338 and 3179137?
13
Calculate the greatest common divisor of 39859349 and 6740.
337
Calculate the highest common factor of 245 and 94786580.
245
Calculate the highest common factor of 8532 and 2701800.
2844
What is the highest common factor of 700 and 568484?
28
Calculate the greatest common factor of 3302377 and 14469.
689
What is the greatest comm